 8. Let h be a(-6). Suppose -h - 26 = -4*n. Let z(b) = b. Calculate the remainder when n is divided by z(8).
7
Let f = 138 - 114. What is the remainder when 119 is divided by f?
23
Let h = -78 - -110. Suppose 2032 = -z + 17*z. Calculate the remainder when z is divided by h.
31
Let o(c) = c**2 - 48. Calculate the remainder when o(-7) is divided by 1.
0
Let l = -17 + 37. Calculate the remainder when 37 is divided by l.
17
Let q = -54 + 95. Let r(l) be the first derivative of 4*l**3/3 + l**2 + 2*l + 2. What is the remainder when q is divided by r(-2)?
13
Suppose -5*x + x = -2*d - 26, -4*x = 2*d - 22. Let l = 1 - -1. Suppose -l*r + 111 = 5*z, 4 + x = 2*z. Calculate the remainder when r is divided by 15.
13
Suppose 0 = 3*f - 5*j - 41, 3*f - j = j + 47. Calculate the remainder when 25 is divided by f.
8
Suppose -3*w = 2*p - 125, 5*w = 6*p - 5*p + 191. What is the remainder when 270 is divided by w?
36
Suppose 5*v = 5*a + 20, 2*v - a - 4 = 8. Suppose 4*y = 2*z + v, -2*z + 5*y + 6 - 17 = 0. Suppose 1 = z*m - 9. What is the remainder when 9 is divided by m?
4
Let q be 0*(2 + -1) + 104. Let j be 7/28 - (-7)/4. Suppose 3*t + t = -3*d + 236, q = j*t - 2*d. What is the remainder when t is divided by 19?
18
Suppose 5*n = -5*d, 3*d + 0*n - 2*n - 10 = 0. Suppose -13 = 3*j + b, 0 = -j + 3*j - 5*b + 3. Calculate the remainder when (-1)/d + (-54)/j is divided by 5.
3
Let q be 3/6*6 + 2. Let j = 20 + q. What is the remainder when (-404)/(-10) + 15/j is divided by 14?
13
Let m(q) = -4*q - 4. Let g(f) = 9*f**2 - f - 1. Calculate the remainder when m(-7) is divided by g(-1).
6
Suppose 5*y + 69 = 4*w, 0 = w + 2*y - 23 + 9. Calculate the remainder when 30 is divided by w.
14
Suppose 4*f - 10 = -2*x, 0 = 2*x - 4*f + 3 - 53. Suppose 6*q = 52 - 4. What is the remainder when x is divided by q?
7
Let g = -16 - -4. What is the remainder when 11 is divided by g/(-5) + 3/5?
2
Let l(v) = 2*v - 12. What is the remainder when 21 is divided by l(12)?
9
Let p = -6 + 5. Calculate the remainder when 44 is divided by p*15*(-7 + 6).
14
Suppose 0 = 3*w - 3 - 102. Suppose 14 = -5*s - 3*g + 49, 0 = 5*s + 5*g - w. Let p(h) = -11*h**3 - h. What is the remainder when p(-1) is divided by s?
5
What is the remainder when 27 is divided by (3/6)/(3/108)?
9
Suppose 8 = -13*s + 14*s. Suppose -s*a + 7*a = -25. Calculate the remainder when 99 is divided by a.
24
Suppose 81 = 3*q - 3*l, l = -4*q - q + 117. Suppose 3*s + h = q - 0, 2*s - 8 = 2*h. Suppose -4*x - 39 = -s*x. Calculate the remainder when x is divided by 7.
6
Let g(h) = h**2 - 2*h + 16. Calculate the remainder when g(0) is divided by 5.
1
Suppose -18*h + 413 = -11*h. Calculate the remainder when h is divided by 21.
17
Suppose -7*c - 56 = -5*c. Let a = c + 63. What is the remainder when a is divided by 12?
11
Let h(b) = -6*b - 11. Calculate the remainder when 38 is divided by h(-4).
12
Let n = -101 + 170. What is the remainder when n is divided by 9?
6
Suppose 0*h - 20 = -h. Calculate the remainder when 58 is divided by h.
18
Let g = 22 + -11. Let c = g + -7. Let s = -2 + c. Calculate the remainder when s is divided by 1.
0
Let w = 14 + 0. What is the remainder when 53 is divided by w?
11
Let c(f) = -f**3 - 5*f**2 - 2*f - 7. Calculate the remainder when c(-6) is divided by 22.
19
What is the remainder when (-6)/15 + 587/5 is divided by 30?
27
Let o = -99 + 146. What is the remainder when o is divided by 1/3*96/2?
15
Calculate the remainder when (-1 - 10)*2*(-8)/16 is divided by (1/(-1) - 1) + 6.
3
Suppose 71 + 53 = -x. Suppose -4*c + 516 = -216. Let f = c + x. Calculate the remainder when f is divided by 20.
19
Let r be 129/(-15) + (-9)/(-15). What is the remainder when 12 is divided by (-2)/r + (-27)/(-4)?
5
What is the remainder when 14 is divided by ((-12)/(-2 - -4))/(-2)?
2
What is the remainder when ((-522)/(-54))/(1/3) is divided by 15?
14
Let w be 7/3 + 26/39. Let q(y) = y**2 + 4*y - 7. Let v be q(-6). Let d = v + w. What is the remainder when d is divided by 5?
3
Suppose -5*g - 36 = -2*f, 4*g = 4*f + 5*g - 94. Calculate the remainder when 44 is divided by f.
21
Suppose 2*a - 3*j = -0*a + 25, -2*a - 3*j = 5. Suppose -16 + 141 = a*k. Calculate the remainder when 48 is divided by k.
23
Let r(k) = -3*k**2 + 5. Let f(l) = 13*l**2 + l - 19. Let m(t) = -2*f(t) - 9*r(t). Calculate the remainder when 14 is divided by m(5).
6
What is the remainder when 855/(-18)*(-8)/10 is divided by 14?
10
Let i(n) = 12*n**2 + n. What is the remainder when i(-2) is divided by 16?
14
Let z(p) = 32*p + 1. Let u(r) = r**3 + 7*r**2 + 7*r + 5. Let g be u(-6). Let n be z(g). Let m = 49 + n. Calculate the remainder when m is divided by 5.
3
Suppose -n + 3 - 2 = 0, -3*n = -3*t + 6. What is the remainder when (1 + -2)*(-25)/5 is divided by t?
2
What is the remainder when 55 is divided by 208/10 + 0 + (-12)/15?
15
Let x(a) = -a**2 + 14*a - 7. Let f be 12 - (-2 + (-1 - -3)). Calculate the remainder when 31 is divided by x(f).
14
What is the remainder when 16 is divided by (-3 + 12)/((-3)/(-3))?
7
Let s(l) = l**3 - 9*l**2 + 4*l + 3. Let d be s(9). Suppose 0 = 5*c - 2*c - d. Calculate the remainder when c is divided by (0 - (1 + -1)) + 7.
6
Let c(h) = -4*h**2 - 2*h - 2. Let z(g) = 2*g + 3*g**2 - 1 + 2 + 0*g. Let v(t) = -5*c(t) - 6*z(t). What is the remainder when v(5) is divided by 23?
21
Let k = -1 + 4. Let p = k + 2. Suppose -p*q - 33 = -i, -4*q = i + i - 10. Calculate the remainder when 23 is divided by i.
10
Let r(t) = -2 - 3*t - 5 + 2. Calculate the remainder when 20 is divided by r(-4).
6
Calculate the remainder when (-12)/(-9)*-3*-10 is divided by 21.
19
Suppose 4 = 2*h - 0. Suppose 1 = h*r + y - 24, -10 = -r - 3*y. Suppose 113 = 3*o + 2*l, 109 = 2*o + o - 2*l. What is the remainder when o is divided by r?
11
Suppose -3*c = -0*c - 111. What is the remainder when c is divided by 5?
2
Let z(v) = 5*v**2 - v + 2. Suppose 4*g = 3*w - 2, -5*g - 4*w + 0 = 18. Let j be 5/g*(-8)/10. What is the remainder when 39 is divided by z(j)?
19
Let k be (-4)/(0 - (-2)/28). Let d = k + 80. Calculate the remainder when d is divided by 9.
6
Let z = 2 + 0. Suppose 3*v + 2*n - 48 = -2*n, -32 = -z*v - 2*n. What is the remainder when v is divided by 9?
7
Let n(w) = 11*w + 1. Let t = 25 - 2. What is the remainder when n(4) is divided by t?
22
Let z = 12 + -9. Suppose 6*g = z*g + 2*f + 47, 2*g - 4*f - 34 = 0. Calculate the remainder when 59 is divided by g.
14
Suppose -5*f = -3*h + 118 - 307, 0 = -4*f + 2*h + 152. Let u(a) = -5*a + 5. Let n be u(5). Let y = n + f. What is the remainder when y is divided by 7?
5
Let l(j) = j**3 + 5*j**2 + 2*j - 2. Let m be l(-3). Suppose -2*f = 3*f - m. What is the remainder when f is divided by 1?
0
Let w(a) = -a + 12. Let v(j) = j - 2. Let k be v(-4). Calculate the remainder when w(k) is divided by 10.
8
Let f be ((-21)/(-12))/((-2)/(-40)). Suppose -5*n - f = -6*n. Calculate the remainder when n is divided by 18.
17
Let m(w) = w**3 - 5*w**2 + 15*w + 27. What is the remainder when m(9) is divided by 61?
59
Suppose 2*j - 7*j + 10 = 0. Let t = 4 - j. Suppose -2*g - 2*y - 12 = t*y, -4*g + y + 21 = 0. What is the remainder when 11 is divided by g?
3
Let f(h) = h**3 + 5*h**2 + 2*h + 4. Calculate the remainder when 44 is divided by f(-4).
8
Suppose -3*h = 5*u - 216, -3*u + 0*h + 147 = -4*h. Calculate the remainder when u is divided by 16.
13
What is the remainder when 20/(-10)*39/(-2) is divided by 7?
4
Let l = 50 - 23. Let m = -23 + l. Calculate the remainder when 19 is divided by m.
3
Let g(o) = 15*o - 12. What is the remainder when g(6) is divided by 27?
24
Suppose 3*z = 2 + 19. Let p(k) = -k**2 + 7*k + 8. Let d be p(6). Suppose 2 - d = -3*j. Calculate the remainder when z is divided by j.
3
Suppose 0 = 2*m + 2*v - 54, -2*m = -v + 6*v - 60. Calculate the remainder when 45 is divided by m.
20
What is the remainder when 143 is divided by (2/3)/((-2)/(-108))?
35
Let r(c) = -c**3 - 2*c**2 - c. Calculate the remainder when 7 is divided by r(-2).
1
Let h = 2 - 4. Let o(i) = i**2 - 2. Let g be o(h). Suppose 9 = f - g*w, -4*w - 5 = -4*f + 23. Calculate the remainder when f is divided by 2.
1
Suppose -60 = -3*o - o. Calculate the remainder when 57 is divided by o.
12
Let o(y) be the second derivative of y**4/12 - 11*y**3/6 + 13*y**2/2 + 5*y. What is the remainder w